n)?
4
Let w(p) = -p**2 - 15*p + 221. Let u be w(-24). Suppose -4*s = s + o - 11, 3*s - 4*o = 25. Suppose -3 + u = -2*a, 4*k - 195 = s*a. What is the tens digit of k?
4
Let n = -4 - -9. Let t(l) = 3*l - 9. Let w be t(n). What is the tens digit of (4 + (-56)/(-12))*w?
5
Suppose 0 = 4*r + 3*x - 2643, -2*x - 2618 = -2*r - 2*r. What is the units digit of r?
7
Let k(a) = -5*a - 3. Let y be k(-2). Suppose 3*s = -2*z - 10 + 3, -5*s = z + y. What is the tens digit of -22*(-3 + 2) - s?
2
Suppose -4*f + 9*f = -3*k + 162, -k = -4*f - 71. What is the tens digit of k?
5
Let z = 39 + -59. Suppose 44 = -46*x + 42*x. Let c = x - z. What is the units digit of c?
9
Suppose 480 = 4*j + r + 4*r, 0 = 3*r + 12. Suppose 23*l = 28*l - j. What is the tens digit of l?
2
Let w(j) = 65*j**2 - 10*j - 24. What is the tens digit of w(-2)?
5
Let l(r) = -r**2 + 17*r + 23. Let c be l(18). Suppose c*p = 6*p. Suppose -d + 1 = 0, 3*d = -3*j - p*j + 240. What is the units digit of j?
9
What is the thousands digit of (-2)/18*4 - 1835130/(-594)?
3
Suppose -18 = -3*h + 117. What is the units digit of (6/(-5))/((-6)/h)?
9
Suppose 5*r = 2*n + 21, r + 12 = 3*r - 2*n. Suppose -250 = -r*q - 2*q. Suppose -q - 3 = -j. What is the units digit of j?
3
Let i(a) = a**3 - 1. Let b(p) = p**3 - 10*p**2 - 10*p - 14. Let q(m) = -b(m) + 2*i(m). Let v be q(-8). Let y = v + -36. What is the units digit of y?
4
Let f = -3 + 9. Let z be (-20)/f*(-3)/2. Suppose 0 = -5*j + 2 + 3, -z*j = 2*i - 109. What is the tens digit of i?
5
Let x(v) = -v**2 + 15*v - 31. Let j be x(17). Let a = 16 - j. What is the units digit of a?
1
Let g = -5168 + 8300. What is the hundreds digit of g?
1
Let x be 1/2 + (-3)/6. Let q be 2 + -2 - (-1 - 2). What is the units digit of q/6*2 - x?
1
Let x(t) = -t**3 - 3*t**2 + 2*t + 3. Let k be x(-2). Let j be k + 6 - (0 + -3). Suppose -j*g + 2*g = -32. What is the tens digit of g?
1
What is the tens digit of ((-127)/(-3))/((25/15)/5)?
2
Let i(n) = 10*n + 38 - 7*n - 4*n. What is the tens digit of i(-6)?
4
Suppose -16 = z - 9*z. What is the units digit of z + 1057/14 + (-2)/4?
7
Suppose 8*f - 3*f = g + 24200, -2*f + 4*g + 9662 = 0. What is the hundreds digit of f?
8
Suppose -2*y + 5 = -y, -2*l - 4*y + 1000 = 0. What is the tens digit of l?
9
Let q(w) = -90*w - 5. Let n be q(3). Let b = -187 - n. What is the units digit of b?
8
Let x be 1 + -2 - (-28)/(-7). Let f(u) = 4*u**2 + 5*u + 10. What is the units digit of f(x)?
5
Suppose 5*w = 585 + 6470. What is the thousands digit of w?
1
Let z be (-21)/75*-5 - (-4)/(-10). Suppose -60 = -3*c + 8*c. What is the units digit of z/(-4 - 49/c)?
2
Let w(m) = 4*m + 5. Let n be w(-5). Let x = n - -12. What is the units digit of -6*-1*(-2 - x)?
6
Let f = 96 + -92. Suppose 0 = -2*x - 4*g + f, 0 = 3*x - x + 3*g - 5. What is the units digit of x?
4
Let v be (86 + 2)*15/(-20). Let n = -58 - v. What is the units digit of n?
8
Suppose 39*i - 36*i - 747 = 0. What is the tens digit of i?
4
Let f(j) = 9*j**3 - 4*j**2 + 10*j + 29. What is the tens digit of f(5)?
0
Suppose 3*w - 4 = 2*w. Suppose w*t - 10 = -t. Suppose -22 = -t*q + 4. What is the tens digit of q?
1
Suppose 1746 - 4554 = -9*m. Suppose 4*j = -2*w + 310, 2*w + j - m = -j. What is the tens digit of w?
5
Let x(w) = w**3 - 10*w**2 + 8*w + 9. Suppose -4*v = -0*v + 4*j - 36, 0 = 2*v - 3*j - 18. Let a be x(v). Suppose a = s - 3*s + 28. What is the tens digit of s?
1
Let x(j) = -j**3 - 5*j**2 - 2*j + 4. Let d be x(-4). Suppose -3*c + 9 = 3*z, 5*c + 4 - 5 = 2*z. What is the units digit of 3/((0 - c)/d)?
2
Let p(q) = -5*q - 18. Let y = 3 - 11. What is the tens digit of p(y)?
2
Let c(q) = 4*q**2 + 5*q + 14. Let z be c(-8). Let g = z + -164. What is the tens digit of g?
6
Let b be (2 + 26/(-4))/(6/(-8)). Let y(i) = 28*i + 2. What is the hundreds digit of y(b)?
1
Suppose -5*v = -7*v. Suppose 5*f - 388 + 68 = v. Let c = f + -28. What is the tens digit of c?
3
Let k be ((-4172)/21)/(2/(-3)). Suppose -5*w + k = 2*x, -w + 4*x - 3 = -67. What is the tens digit of w?
6
Suppose 0 = -2*p + 4*m + 996, m = 8*p - 3*p - 2463. What is the units digit of p?
2
What is the tens digit of 3760/(-4)*45/(-20)?
1
Let f(n) = -3 + 7*n - n**2 + 2*n**3 + 0*n + 0*n**3 - 5*n. What is the units digit of f(2)?
3
Let u = 19 + -29. What is the hundreds digit of 24/u*680/(-12)?
1
Let t be 0 + 31 - 3/1. Suppose -d = 3*b - t, 7*d = 2*d - 3*b + 140. Suppose 2*h + 7 - d = -3*z, -42 = -5*h + 3*z. What is the units digit of h?
9
Let l(w) be the second derivative of w**3/2 - 7*w**2 + 5*w. Let i be l(11). What is the units digit of (i/4)/((-13)/(-52))?
9
Let g be (63/(-12))/((-9)/(-24)). Let u = 45 + g. Suppose 0 = 4*j - w + 4*w - 37, -w - u = -3*j. What is the units digit of j?
0
Suppose 2*u - 5*u = -6. What is the tens digit of u + (-40)/18 - 821/(-9)?
9
Let j(v) = -v + 1. Let d(t) = -4*t + 8. Let f(n) = d(n) + 3*j(n). Let a be f(-5). Let m = -32 + a. What is the units digit of m?
4
Suppose -5*i + 3*i = 0. Suppose i = -5*m + q - 5*q + 590, -367 = -3*m - 5*q. What is the units digit of (m/4)/((-2)/(-4))?
7
Let x = 5769 - 390. What is the thousands digit of x?
5
Let j = 39 - 71. Let r = 76 + j. What is the tens digit of r?
4
Suppose 4*h - 6 = -2. Suppose -i = h - 3. Suppose 0 = i*n + 5*g - 15, -5*n + 3*n + 5*g + 45 = 0. What is the units digit of n?
5
Let d(j) = 7*j**2 - 22. Let q(w) be the second derivative of -w**4/12 - w**2/2 - w. Let o(a) = -d(a) - 6*q(a). What is the units digit of o(0)?
8
Let s(j) = -2*j**2 - 6*j + 6. Let t be ((-5)/(-4))/(1/(-4)). Let q be s(t). Let c = q - -30. What is the tens digit of c?
1
Suppose -3*k = 4*g + 8 - 1, 2 = 3*g - 5*k. Let d(c) be the second derivative of -3*c**5/20 + c**3/6 + c**2/2 - 4*c. What is the units digit of d(g)?
3
Suppose 0 = d - 143 - 335. What is the units digit of d?
8
Suppose 0 = g + 3 + 2, 4*g - 320 = -5*a. Suppose -83 + 495 = 4*h. Let b = h - a. What is the tens digit of b?
3
Let x = 98 + 138. What is the hundreds digit of x?
2
Let r(s) = s**3 + 7*s**2 + 3*s. Suppose 0 = -2*c + 7*c. Suppose 16 = -3*h - h - 5*k, -2*h - k - 8 = c. What is the units digit of r(h)?
6
Suppose 3*m - 3*w = -48, -5*w = m - w + 41. Suppose -a - 22*a + 874 = 0. Let t = m + a. What is the tens digit of t?
1
Suppose 12*g - 17*g = -200. Suppose -2*l + 2*t + g = 0, 6*l - l - 91 = 2*t. What is the tens digit of l?
1
Suppose -2*j - 2*g - 10 = 0, j - 6*j + 25 = -5*g. Suppose 5*w + j*w + 6 = -2*r, -w = 2*r + 14. What is the units digit of (66/r)/(12/(-32))?
2
Let k(b) be the first derivative of -b**2/2 - 6*b + 6. Let h be k(-6). What is the units digit of (3 - h - 2) + 19?
0
Let g(v) = -5 + 2*v - 2*v + 0*v - v. Let t be g(-7). Suppose -97 = -2*r - x, 3*r + t*x + 3*x = 156. What is the tens digit of r?
4
Let o be 1 - -6 - 1*3. Let n(m) = 4*m**2 - 4*m. Let r be n(o). Suppose 5*j - 2*h - h = r, -h + 44 = 5*j. What is the units digit of j?
9
Suppose 2*g + u - 5*u - 2168 = 0, -4*u = -12. What is the units digit of g?
0
Let u = 5 - 5. Suppose -n + 0*n - 5 = u. What is the units digit of (n/10)/((-2)/12)?
3
Suppose -4*g + 167 = -2*k + 3*k, 0 = -4*k - 5*g + 635. Let j = k + -74. Let c = j + -49. What is the units digit of c?
2
Let w(r) = -2*r - 4. Let o be w(-8). Let i be o/7*21/6. What is the tens digit of i/4*(-1 + 11)?
1
Let f be 40/6 + 8/(-12). Suppose y = -2*y + f. Suppose 4*h + y*p - 132 = 4*p, -2*h - 3*p = -74. What is the units digit of h?
4
Suppose -x - x + 6 = 0. Suppose 0*k = -x*k + 75. What is the units digit of (2 + k)*7/21?
9
What is the tens digit of 19992/36 - (-30)/18?
5
Suppose -3*r = -2*r - 1, 0 = -4*o - 2*r - 418. Let k = -47 - o. What is the units digit of k?
8
Let i = 116 - 76. What is the units digit of (370/i)/((-2)/(-8))?
7
Let u = 1134 + 180. What is the tens digit of u?
1
Let n = -14 + 14. Suppose 0 = -5*v - n*v + 60. Suppose -16*b + v*b = -4. What is the units digit of b?
1
Suppose 6*d + 17 = -1. Let m = d + 20. What is the units digit of m?
7
Let d = 1201 + -557. What is the units digit of d?
4
What is the hundreds digit of ((-22)/(-8) - 3) + (-158249)/(-52)?
0
Let c(q) = q**2 - 6*q - 2. Let g be c(8). Let r be 105/g*(-74)/(-3). Suppose -m - m - 111 = -3*u, r = 5*u + 2*m. What is the units digit of u?
7
Let p(i) = 11*i**2 - 9*i - 9. Let g be p(-6). Let z = g - 783. What is the units digit of z/(-10) - 8/40?
4
L